p = 4 - 0. Let q(j) = 2*j**2 - 7*j + 5. Let n be q(p). What is the units digit of (-1 + 2)/(3/n)?
3
Let u = -4 - -7. Suppose z = -z - 10, -u*f - 2 = z. What is the units digit of f?
1
Suppose -8*q + 727 + 849 = 0. What is the hundreds digit of q?
1
Let x = 10 + -5. Suppose 3*a = -i - 10, 4 = -x*i - 4*a - 2. Suppose -i*z + 18 = -5*j, 4*z - 3*j + 8*j = 6. What is the units digit of z?
4
What is the tens digit of 99 + 5 - (-1 - -4)?
0
Suppose -2*q - 3*q = 85. Let n = -61 + 89. Let y = q + n. What is the tens digit of y?
1
What is the tens digit of (-152)/20*(-2 - 3)?
3
Let w(r) be the first derivative of -r**4/4 + 2*r**3 - 3*r**2/2 + 6*r + 1. Suppose u + 4*t = 1, -2 = 4*t + 2. What is the tens digit of w(u)?
1
Let j(l) = -l**2 - 9*l - 10. Let m be j(-8). Let q be m/3 - (-40)/6. What is the units digit of (q/(-9))/((-2)/15)?
5
Suppose -4*g = 8, -4*a + 3*a + 65 = -5*g. What is the tens digit of a?
5
Let z = -170 - -250. Let m = z - 51. What is the tens digit of m?
2
Suppose 0 = 2*d - 7*d + 3*m + 1307, -3*m + 527 = 2*d. What is the units digit of d?
2
Let a(t) = -t - 2. Let b be a(-7). Suppose -5*j + 4*q = -94, b*j = 2*q - q + 91. What is the units digit of j?
8
What is the units digit of 2/8 + 582/8?
3
Let q(m) = -m + 1. Let a be q(-2). Let p(i) = 3 + 3 - a + 2*i + i**2 - 6. What is the tens digit of p(-5)?
1
Suppose 0 = 5*j - 2*d - 670, 0 = -3*j + d + 4*d + 402. What is the tens digit of j?
3
Let z be 1 - ((-4)/(-1) - 2). Let g be 2 - z*0/(-2). Suppose -g*u + 40 = 2*u. What is the units digit of u?
0
Let o = 16 + -10. What is the units digit of (-20)/o*27/(-15)?
6
Suppose -4*y = -8 - 8. Suppose -45 = -y*h - h. Suppose -16 = -5*d + h. What is the units digit of d?
5
Let m(f) = 7*f**2 + 3*f**2 - f**2. Let l be m(1). Let j = l - -3. What is the units digit of j?
2
Let o = 7 + -10. Let t = o + 7. Suppose 7 = i - 2*q, -t*q + 2 - 9 = 5*i. What is the units digit of i?
1
Let d(a) = 7*a**2 + 4*a + 1. What is the tens digit of d(-3)?
5
Let l = 111 + -66. Let q = -27 + l. What is the units digit of q?
8
Let l = 12 + -8. Suppose r + 12 = l*r, -3*b - 4*r + 22 = 0. What is the units digit of b?
2
Let w = 2 + -1. Let r be 5 + (-2)/(1 + w). Suppose r*d - 3 = 13. What is the units digit of d?
4
Let b(o) = 4*o + 2. Let j(m) = -11*m - 7. Let d(g) = -8*b(g) - 3*j(g). What is the units digit of d(-3)?
2
Suppose 3*a - 504 = -3*m, a + 326 = 3*m - 190. What is the units digit of m?
1
Suppose -5*c - 5*u = -40, c - u + 1 = -1. Suppose 5*s + 4*x - 3*x = 54, -c*s = 3*x - 42. What is the units digit of s?
0
Suppose 2*x + 0*x - 2 = 2*u, 4*x - 9 = -u. Suppose x*o - 80 = -2*o. What is the units digit of o?
0
Let v(b) = b**2 + 2*b - 3. Suppose -3*k + 5*w + 16 = 0, 9*w = 4*w - 10. Let u be v(k). Suppose u*p - 22 = 3. What is the units digit of p?
5
Suppose -39 = 3*q - 4*q. What is the tens digit of (q/6)/((-3)/(-6))?
1
Let q(c) = -c**3 + 6*c**2 + 9*c - 10. Let l be q(7). What is the units digit of l*(-2)/(2 - 3)?
8
Suppose -2*t = -3*t + 11. Suppose s - 1 = t. What is the tens digit of s?
1
Suppose -p = -1 - 5. Let b(h) = h**3 - 6*h**2 + 7*h - 3. What is the tens digit of b(p)?
3
Suppose -2*v + 3*s - 22 + 109 = 0, 3*v - 5*s = 130. What is the tens digit of v?
4
Suppose -4*a - a = 660. What is the tens digit of 6/(-30) + a/(-10)?
1
What is the tens digit of (-50)/(-2) - 0/(-8)?
2
Let r(p) = -8*p + 1. Let f be r(2). What is the units digit of (24/f)/((-2)/25)?
0
Let l be ((-3)/9)/(2/(-12)). Suppose 5*q - 18 = l*h - 60, 3*h - 43 = 5*q. What is the units digit of ((-18)/4)/(6/q)?
6
Suppose 4*a - 204 = 3*a. What is the tens digit of a?
0
Let o be 220/35 + 2/(-7). Suppose -3*p - 3*r = -o, 24 = 5*p - 0*r - 2*r. Suppose -p = -g + 1. What is the units digit of g?
5
What is the units digit of (-1)/(1/20)*(-494)/104?
5
Let t = 3 + 6. Let a be (3/2)/((-3)/(-6)). Suppose -4*y - t = 5*l, 5*y - a*l - 34 - 1 = 0. What is the units digit of y?
4
Let r = 7 - -47. Suppose 2*v - 4*v = -r. What is the units digit of v?
7
Let i(x) = 4*x - 1. What is the tens digit of i(4)?
1
Suppose -3*b + 248 = z, -b + 3*z + 61 + 35 = 0. What is the tens digit of b?
8
Suppose -4*h - 29 = -y, 0*y - y + 2*h = -37. Suppose 0 = -9*t + 4*t + y. What is the units digit of t?
9
Let l = 1 + 8. What is the units digit of l?
9
Let h = 9 + -5. Suppose 5*b - b = -3*o + 11, -4*o + 12 = h*b. What is the units digit of o?
1
Suppose 4*a = a. Suppose a = -3*z - 0*z - 12, 2*b + 10 = -5*z. Suppose -2 = -d, -2*j + b*d + 15 = 3*j. What is the units digit of j?
5
Suppose 5*c = -4*g + 90, 0 = 2*c + 3*c + 5*g - 95. Suppose -c = -i + 5*o, 53 - 13 = 2*i - 4*o. What is the tens digit of i?
2
Let c = 30 - 12. Let w = 26 - c. What is the units digit of w?
8
Let j(s) = s**3 + 6*s**2 - 10. Let h(t) = -t**3 - 7*t**2 + 9. Let c(n) = -6*h(n) - 7*j(n). Let w be c(0). Suppose -4*q + 0 = -w. What is the units digit of q?
4
Let z(j) = j**2 - 7*j - 4. Suppose -2*i - 8 = -2*t + 2, 0 = -t - i + 11. What is the units digit of z(t)?
4
Suppose a + r = 5, -a + 2*r + 20 = 2*a. What is the units digit of a?
6
Suppose -6*b = -b - 30. Let f = b + -6. Suppose 4*g - 5*q = g + 5, f = -2*g + 5*q. What is the units digit of g?
5
Let c(n) = -11*n + 2 - 4 - 1 + 2. What is the units digit of c(-1)?
0
Let x be (20/6)/((-10)/(-15)). Suppose -3*a + 4 = -5. Suppose -v - v = -a*l + 27, -47 = -x*l + 4*v. What is the units digit of l?
7
Let o = 11 - 6. Suppose -o*u + 2*u - 6 = 0. Let t(f) = -f**3 + f - 2. What is the units digit of t(u)?
4
Let k(g) = 3*g**2 + 3*g. Let w(d) = -2*d + 4*d + 3*d**2 + 0*d. Let p(l) = -2*k(l) + 3*w(l). What is the units digit of p(1)?
3
Let s = -7 - -27. What is the tens digit of s?
2
Suppose -2*o = -4*w - 26, -4*o - 68 = 4*w - 168. What is the units digit of o?
1
Let r(s) = s**2 + 8*s + 5. Let o be (2 - -9 - 3)/(-1). What is the units digit of r(o)?
5
Let i(a) = -a + 2. Let b be i(2). Suppose 0 = 2*j - b*j - 2*k - 38, 3*j - 78 = -4*k. What is the units digit of j?
2
Let g(x) = -x**2 + 6*x + 2. Let r be g(6). Suppose -4 = -r*s + 4. Suppose u - 20 = -s*u. What is the units digit of u?
4
Suppose 445 = -7*j + 12*j. What is the units digit of j?
9
Let v be (-5*6)/((-2)/(-3)). What is the units digit of (-280)/v + (-4)/18?
6
Let j(y) = 14*y**2 - 2*y - 6. Let i be j(3). Let w = -64 + i. What is the units digit of w?
0
Let k = -83 - -120. What is the tens digit of k?
3
Suppose 1 + 2 = -3*z, 4*z = 2*r - 14. Suppose r*p = 4*p. Suppose p*q = -2*q + 16. What is the units digit of q?
8
What is the units digit of (-693)/(-4) + -4 + (-76)/(-16)?
4
What is the units digit of 3*3*2/3?
6
Suppose f = 4 - 1. Suppose 5*s - 2*j = 79, 0 = -3*s + 5*s + f*j - 24. What is the units digit of s?
5
Let n(k) = 5*k**3 - 4*k**2 - k - 5. Let g(u) = -2*u**3 + 0*u**3 - u**2 + 3 + 3*u**3 - 4. Let c(z) = -9*g(z) + 2*n(z). What is the units digit of c(2)?
7
Let v be (4 - 2) + (1 - 1). What is the units digit of (1 + 0)*v - -1?
3
Suppose -5*v = 149 - 29. Let m = v - -38. What is the tens digit of m?
1
Suppose 0 = -6*u + 40 + 116. What is the tens digit of u?
2
Suppose 6 = -l + 3. What is the tens digit of l/2*(-410)/15?
4
Let u(b) = b**3 + 6*b**2 - 7*b + 3. Let s be u(-6). Suppose 5*x = 5, -4*v - 4 = x - s. Suppose -6 - v = -4*o. What is the units digit of o?
4
Let z = 11 + -3. Let d(r) = r**2 - 7*r - 1. Let h(i) = -1. Let x(b) = d(b) + 6*h(b). What is the units digit of x(z)?
1
Suppose 0 = b + 4*s - 5, 4*s - 20 = -4*b + s. Let q = 1 + b. What is the units digit of q?
6
What is the tens digit of 43/2 + (-13)/(-26)?
2
Let n be (-2)/4*-12 - 3. Suppose -4*x + n*p + 160 = -0*x, x = -2*p + 51. What is the units digit of x?
3
Let h = 84 - 39. Let q be (-1000)/h + 2/9. Let r = -12 - q. What is the units digit of r?
0
Let s be (4 + 11)*(-2)/5. Let f(w) = w**3 + 5*w**2 - 6*w - 6. Let u be f(s). Let q(v) = v**3 + 5*v**2 - 8*v - 2. What is the tens digit of q(u)?
1
Let r(s) = -s + 11. Let c(f) = f**3 - 10*f**2 + 9*f + 6. Let w be c(9). What is the units digit of r(w)?
5
Suppose -6*w + 293 = -379. What is the hundreds digit of w?
1
Let x be (8/20)/((-1)/5). Let z be -3 - (-3)/((-3)/x). What is the units digit of -4 + 1 + (-4)/z?
1
Let s be -3 + 3 - 3 - -6. Suppose -s*c + 85 = 2*c. What is the tens digit of c?
1
Suppose j - x = 90 + 123, 4*j + 4*x = 836. What is the units digit of j?
1
Let t(l) = -